t the prime factors of 1202916525.
3, 5, 601, 26687
List the prime factors of 191654224.
2, 11978389
What are the prime factors of 4280223577?
7, 41, 14913671
List the prime factors of 472589422.
2, 269, 878419
List the prime factors of 191067315.
3, 5, 139, 91639
What are the prime factors of 955388214?
2, 3, 11, 23, 193, 1087
List the prime factors of 22669899.
3, 7, 22031
What are the prime factors of 123646498?
2, 61823249
List the prime factors of 524600392.
2, 149, 440101
What are the prime factors of 927809858?
2, 131, 3541259
What are the prime factors of 1099272541?
6833, 160877
What are the prime factors of 31281867?
3, 79, 43997
What are the prime factors of 2161013242?
2, 17, 29, 79, 27743
What are the prime factors of 12359994?
2, 3, 19, 108421
What are the prime factors of 5260610839?
11, 17027, 28087
List the prime factors of 1173749886.
2, 3, 29, 41, 101, 181
What are the prime factors of 58957034?
2, 29478517
List the prime factors of 165425633.
165425633
What are the prime factors of 6066140281?
41, 53, 2791597
List the prime factors of 27783713.
53, 524221
List the prime factors of 117986234.
2, 58993117
List the prime factors of 93663448.
2, 11707931
What are the prime factors of 6721286355?
3, 5, 7, 29, 43, 71, 241
What are the prime factors of 5514756678?
2, 3, 306375371
List the prime factors of 16612221.
3, 293, 18899
What are the prime factors of 7603670195?
5, 11, 138248549
What are the prime factors of 41141818?
2, 20570909
What are the prime factors of 2323080943?
2323080943
List the prime factors of 117520629.
3, 39173543
List the prime factors of 2937062899.
29, 157, 645083
List the prime factors of 1194942938.
2, 7, 7307, 11681
What are the prime factors of 4700311023?
3, 1566770341
What are the prime factors of 176429100?
2, 3, 5, 588097
What are the prime factors of 43937031?
3, 14645677
List the prime factors of 1130358356.
2, 17, 41, 405437
List the prime factors of 2625705.
3, 5, 19, 37, 83
List the prime factors of 54112650.
2, 3, 5, 71, 5081
What are the prime factors of 233079754?
2, 116539877
What are the prime factors of 414949575?
3, 5, 5532661
What are the prime factors of 323780673?
3, 37, 2916943
List the prime factors of 58809674.
2, 7, 11, 19, 101, 199
List the prime factors of 478047107.
29, 223, 2549
List the prime factors of 869868302.
2, 419, 1038029
List the prime factors of 3237071581.
3237071581
List the prime factors of 101022061.
7, 3011, 4793
List the prime factors of 27392874.
2, 3, 59, 223, 347
List the prime factors of 1280100921.
3, 11, 61, 635917
List the prime factors of 80760357.
3, 79, 97, 1171
What are the prime factors of 23385260?
2, 5, 359, 3257
What are the prime factors of 24606998?
2, 13, 37, 25579
What are the prime factors of 272242204?
2, 13, 331, 15817
List the prime factors of 1137463674.
2, 3, 189577279
List the prime factors of 72903548.
2, 17, 83, 12917
What are the prime factors of 104884235?
5, 479, 43793
What are the prime factors of 12020113?
7, 467, 3677
List the prime factors of 160674799.
503, 319433
List the prime factors of 753554821.
29, 25984649
What are the prime factors of 8943496?
2, 17, 65761
What are the prime factors of 1868810642?
2, 227, 4116323
What are the prime factors of 12321601?
31, 191, 2081
List the prime factors of 2883321571.
13, 9173, 24179
List the prime factors of 114584651.
277, 569, 727
List the prime factors of 3765817072.
2, 59, 157, 25409
What are the prime factors of 379524724?
2, 5879, 16139
List the prime factors of 148614719.
11, 787, 17167
List the prime factors of 70449391.
23, 31, 98807
List the prime factors of 71315653.
71315653
List the prime factors of 1721332696.
2, 23, 787, 11887
What are the prime factors of 127702186?
2, 2857, 22349
What are the prime factors of 171336946?
2, 11, 19, 409897
List the prime factors of 282324459.
3, 94108153
List the prime factors of 459578533.
829, 554377
List the prime factors of 236628267.
3, 7057, 11177
List the prime factors of 135726030.
2, 3, 5, 11, 15233
What are the prime factors of 635990501?
409, 1554989
List the prime factors of 1829129545.
5, 109, 1399, 2399
What are the prime factors of 111201069?
3, 7, 5295289
List the prime factors of 334701807.
3, 11, 10142479
List the prime factors of 321286842.
2, 3, 17, 67, 15671
What are the prime factors of 3636414797?
37, 98281481
List the prime factors of 5856804.
2, 3, 37, 4397
What are the prime factors of 82863778?
2, 193, 214673
What are the prime factors of 28572182?
2, 14286091
What are the prime factors of 339496354?
2, 61, 2782757
What are the prime factors of 317560739?
83, 557, 6869
What are the prime factors of 193428222?
2, 3, 13, 2479849
List the prime factors of 57765652.
2, 7, 2063059
List the prime factors of 1116823763.
11, 31, 3275143
List the prime factors of 24546343.
24546343
List the prime factors of 466633292.
2, 23, 67, 75703
What are the prime factors of 80077427?
80077427
List the prime factors of 78387250.
2, 5, 313549
What are the prime factors of 80365740?
2, 3, 5, 7, 13, 41, 359
List the prime factors of 111001588.
2, 23, 1206539
List the prime factors of 28520772.
2, 3, 7, 263, 1291
What are the prime factors of 5555233285?
5, 7, 158720951
What are the prime factors of 88704349?
137, 647477
What are the prime factors of 975975057?
3, 6247, 17359
List the prime factors of 841437382.
2, 19, 23, 962743
List the prime factors of 30937092.
2, 3, 19, 47, 2887
List the prime factors of 53875225.
5, 2155009
What are the prime factors of 130927366?
2, 19, 89, 38713
List the prime factors of 1265144001.
3, 11, 38337697
List the prime factors of 576563174.
2, 11, 26207417
What are the prime factors of 568738001?
13, 19, 643, 3581
List the prime factors of 2488178829.
3, 829392943
List the prime factors of 417143185.
5, 83428637
List the prime factors of 896257252.
2, 11, 107, 190369
List the prime factors of 58790879.
7, 17, 494041
What are the prime factors of 127487293?
127487293
What are the prime factors of 180091273?
277, 359, 1811
List the prime factors of 901413242.
2, 15287, 29483
List the prime factors of 120150500.
2, 5, 41, 5861
List the prime factors of 5204870764.
2, 107, 12160913
What are the prime factors of 406585594?
2, 203292797
What are the prime factors of 473262333?
3, 521, 302791
What are the prime factors of 11136362?
2, 5568181
What are the prime factors of 46722885?
3, 5, 11, 17, 16657
List the prime factors of 922398983.
11, 67, 491, 2549
What are the prime factors of 19146680?
2, 5, 7, 19, 59, 61
List the prime factors of 43359286.
2, 47, 461269
List the prime factors of 705073038.
2, 3, 47, 53197
What are the prime factors of 118470548?
2, 7, 19, 83, 2683
List the prime factors of 13103890.
2, 5, 1310389
List the prime factors of 450519063.
3, 31, 239, 20269
What are the prime factors of 100174383?
3, 61, 182467
What are the prime factors of 1173532728?
2, 3, 6701, 7297
What are the prime factors of 450980867?
181, 2491607
List the prime factors of 33708339.
3, 7, 178351
What are the prime factors of 109932755?
5, 23, 955937
What are the prime factors of 5653719656?
2, 13, 54362689
List the prime factors of 2145482504.
2, 11, 23, 1060021
What are the prime factors of 154410449?
154410449
List the prime factors of 3070667697.
3, 29, 1553, 22727
What are the prime factors of 59784253?
59784253
What are the prime factors of 165456797?
11, 2699, 5573
List the prime factors of 222528810.
2, 3, 5, 7, 17, 83, 751
List the prime factors of 5546809779.
3, 7, 467, 565597
What are the prime factors of 283117871?
73, 331, 11717
List the prime factors of 85236718.
2, 7, 6088337
What are the prime factors of 525385984?
2, 311, 6599
List the prime factors of 446433375.
3, 5, 1190489
List the prime factors of 759809075.
5, 30392363
What are the prime factors of 83686811?
13, 19, 23, 14731
List the prime factors of 258793934.
2, 7, 18485281
What are the prime factors of 84417443?
11, 797, 9629
List the prime factors of 41426044.
2, 11, 31, 251
List the prime factors of 3032324710.
2, 5, 557, 544403
What are the prime factors of 48223227?
3, 13, 487, 2539
What are the prime factors of 44225655?
3, 5, 137, 21521
What are the prime factors of 33805179?
3, 97, 38723
What are the prime factors of